 is the tens digit of (a - 2 - 0) + 2?
2
Suppose 0 = 2*h + 3*q - 6717, -3*q + 1329 = h - 2025. What is the tens digit of h?
6
Let b = 9 - 2. Suppose -54 - 42 = -3*c. Let z = c - b. What is the units digit of z?
5
Suppose v = 5*v + 120. Let c be 2/(-3) - v/45. Suppose c = -o + 4 + 6. What is the tens digit of o?
1
Let b(u) = u**2 + 11*u - 15 + 30 + u**2. What is the units digit of b(-6)?
1
Let l = -43 + 94. Let d be -2 + 5 + -28 + (-2)/(-2). Let t = d + l. What is the units digit of t?
7
Let x = 2660 + -666. What is the thousands digit of x?
1
What is the units digit of 130*(-4 - (-3 - (-6 - -47)))?
0
Let i be ((-28)/42)/(2/36). What is the hundreds digit of (-6)/i - (-263)/2?
1
Let t(i) = 2*i**2 - 3*i + 1. Let n be t(2). What is the units digit of (2/2 + n)/4?
1
Let r(l) = -62*l - 18. What is the hundreds digit of r(-7)?
4
Let g = 1943 - 1234. What is the units digit of g?
9
Let t(i) = i**3 + 10*i**2 + 9*i - 9. Suppose 2*x + 4 = -5*m, -3*x = -8*x - 2*m - 31. What is the tens digit of t(x)?
7
Let s = 0 - -5. Let n be (-10)/(((-6)/(-15))/((-2)/10)). Suppose -146 = -5*t + 3*p, 126 + 4 = s*t + n*p. What is the tens digit of t?
2
Let v = 7 - 3. Suppose 0 = 5*c - v*m - 351, 161 - 480 = -5*c - 4*m. Let u = c + -45. What is the units digit of u?
2
Suppose 2*y = -0*y. Suppose -m - 2*m - 6 = y. What is the units digit of 3 + 4 + -1 - m?
8
Let v(b) = 21*b - 12. Let q(f) = -f + 3. Let l be q(-3). What is the hundreds digit of v(l)?
1
Let q be (-23528)/14 + (-28)/(-49). What is the units digit of (-4)/(-10)*q/(-28)?
4
Let p = -405 - -504. What is the tens digit of p?
9
Suppose 12 = -4*h, 2*h - 353 = -2*l + 761. What is the tens digit of l?
6
Let u = 317 + 110. What is the tens digit of u?
2
What is the thousands digit of (-16)/(-112) + 148920/35?
4
Suppose x - d + 242 = 3*x, 250 = 2*x - d. What is the tens digit of x?
2
Suppose 4*c = -c + 10. Suppose 0 = -c*l + 70 + 50. Let a = l - 29. What is the tens digit of a?
3
Suppose -5*g = -66 - 284. Let z = g + -34. What is the units digit of z?
6
Let b(i) = 4*i**2 + 8*i + 3. Let q(d) = 4*d**2 + 8*d + 2. Let p(h) = -4*b(h) + 3*q(h). Let a be p(-6). Let x = -57 - a. What is the units digit of x?
5
Let z = 7 + -17. Let t be (-1245)/z - 2/4. Suppose 0 = 4*l + 3*u - t, 2*l - 4*u - 62 = -6*u. What is the tens digit of l?
3
Let a(n) = -13*n + 21. Let j(i) = 7*i - 11. Let g(l) = 4*a(l) + 7*j(l). What is the units digit of g(-7)?
8
Let p(a) = -a**3 - 12*a**2 + 12*a - 36. What is the tens digit of p(-15)?
5
What is the units digit of (-17754)/(-48) + (-3 - -4)/8?
0
Suppose 5*h - 5*n - 372 - 878 = 0, 4*n = -16. What is the tens digit of h?
4
Let p(v) = -26*v - 55. What is the units digit of p(-40)?
5
Let w(b) be the third derivative of b**5/20 - 11*b**4/24 - b**3/6 - b**2. Suppose 12 = 87*l - 85*l. What is the units digit of w(l)?
1
Suppose 113 = -s + 2*s - h, -h = -2*s + 228. Let l = s - 52. What is the units digit of l?
3
What is the hundreds digit of (-3 - (-748)/4)*2?
3
Let h = 580 - 337. What is the units digit of h?
3
Let u(w) = w**3 - 16*w**2 - 20*w. Let f be u(18). Suppose -10*k + f = -7*k. What is the tens digit of k?
9
Let g(y) = 132*y - 216. What is the hundreds digit of g(9)?
9
Suppose -5*w - 44 = -0*t - 4*t, 2*w = -5*t + 22. Suppose 8*z + t = 2*z. What is the units digit of (36 - (z + -3))/1?
0
Let y be (16/20)/(14/10 + -1). Suppose 5*s - 48 = y*x, -s + 3*s + 5*x - 25 = 0. What is the units digit of s?
0
Let b = 417 + 30. What is the hundreds digit of b?
4
Let j(t) be the first derivative of -t**5/20 + 2*t**4/3 + 2*t**2 - 4*t + 2. Let p(a) be the first derivative of j(a). What is the units digit of p(8)?
4
Let q(y) = 28*y**3 + y**2 - 10*y + 16. What is the hundreds digit of q(2)?
2
Suppose -26 = c - 2. Let d be ((-126)/c)/((-2)/(-104)). Suppose -5*w + r + d = 48, -2*r = 5*w - 210. What is the tens digit of w?
4
Let y = 6344 - 4344. What is the hundreds digit of y?
0
Let c(g) = 4*g**2 + 7*g + 6. Let r be c(-6). Suppose 0 = -2*l - 4*l + r. Suppose 7*s - 2*s = -4*x + 132, s - 2*x - l = 0. What is the tens digit of s?
2
Let t = 223 - -294. What is the units digit of t?
7
Suppose -47 = -0*u + 2*u - 5*w, 0 = -3*w + 9. Let o be 42*-2*u/12. Suppose 0 = -l - l + o. What is the tens digit of l?
5
Suppose 22*f = 86272 - 18072. What is the units digit of f?
0
What is the units digit of -2 - (2 + (-6 - (-2 - -737)))?
7
Let w(h) = 363*h - 48. What is the units digit of w(1)?
5
Let a be 12*3*(-6)/(-9). Suppose -7*z = -5*z - a. What is the tens digit of (-3*(z + 2))/(-2)?
2
Let f(b) = -b - 7 + 15 - 5. What is the tens digit of f(-20)?
2
Suppose 9*b - 2*b - 1498 = 0. What is the tens digit of b?
1
Let q(t) = 2*t**3 + 90. What is the tens digit of q(0)?
9
What is the units digit of 26 + 401 - (5*-1 + 2)?
0
Suppose -5*t = -i + 86, -2*t + 62 + 38 = i. What is the tens digit of i?
9
Suppose -3*n - 571 = -2*u, 5*u - 4*n + 25 = 1435. Let f = 501 - u. What is the units digit of f?
3
Let q(h) be the third derivative of -25*h**4/12 - h**2 + 5*h. What is the tens digit of q(-3)?
5
Let q(p) be the first derivative of 2*p**3/3 + 2*p**2 - p - 5. Let a be q(-3). Suppose 0*f - 4*f - 2*m = -54, -2*f = -a*m - 21. What is the units digit of f?
3
Suppose 5*p = 2*u - 243 + 656, -u = 3*p - 250. What is the tens digit of p?
8
Let c(n) = 18*n + n**3 - 27*n + 4*n**2 + 6*n**2 - 4. Let q be c(-11). Let t = 3 - q. What is the units digit of t?
9
Let w be (-4)/(-4)*(-4)/(-2). Suppose 2*q = -w*q + 8, 0 = -5*o - q + 7. What is the units digit of o?
1
Let p be 776/6 - (-7)/(-21). Suppose 5*c + 4*t + p = t, 2*t + 6 = 0. What is the units digit of 8/c - 40/(-3)?
3
What is the hundreds digit of 16/48*(-2 + 2228)?
7
Let s = -6 + 10. Suppose -s*k = -k - 36. What is the units digit of (9/k)/(15/40)?
2
Let f(a) = -26*a + 17. Let n be f(-9). Let r = n - -16. What is the units digit of r?
7
Suppose n + 2 + 2 = 4*r, r + 10 = 3*n. Suppose 4*l = r*l + 76. Suppose -v = v - l. What is the units digit of v?
9
Let m(t) = -1 - 10*t + 8*t + 3*t. What is the units digit of m(11)?
0
Let w = -17 - 10. Let a = -3 - w. What is the tens digit of a?
2
Let w(c) = 15*c**2 + 4*c + 3. Let x be w(-4). Let d = -127 + x. What is the tens digit of d?
0
Let z = -3291 + 5730. What is the thousands digit of z?
2
Let d(b) = -b**3 + 8*b**2 + 10*b + 10. Let l be d(9). Let r = l - 11. Suppose r = -3*u + 116. What is the units digit of u?
6
Suppose 3*u - 1599 = -444. What is the tens digit of u?
8
Suppose 3*c = -0*c + 9. Suppose 6*d + 21 = 3*d + c*z, -5*d + z = 47. What is the tens digit of (-2)/d - 128/(-10)?
1
Suppose -5*a - 2*h - 122 = 161, h = a + 51. Suppose 4*u + 12 = -0*u, -l - 37 = 3*u. Let v = l - a. What is the units digit of v?
7
What is the hundreds digit of 6 + -12 + 1 + 396?
3
Let l be 1*(-290)/(-4 + -1). What is the units digit of 0 + (-12)/(-8)*l?
7
Suppose -26*u + 2078 + 54 = 0. What is the tens digit of u?
8
Suppose -7*q + 6*q = -3*t + 4013, -4*t + 5348 = -2*q. What is the units digit of t?
9
Suppose u - 3*b - 299 = 544, u = -2*b + 843. What is the tens digit of u?
4
Let x(k) be the second derivative of k**5/10 + 3*k**3/2 + 6*k. Let v(c) be the second derivative of x(c). What is the tens digit of v(2)?
2
Let w(s) be the third derivative of s**5/60 - s**4/24 + 6*s**3 + 173*s**2. Let y be (0/2)/(2 - 0). What is the tens digit of w(y)?
3
Suppose -411*q + 432*q = 71148. What is the thousands digit of q?
3
Let g = 237 + -76. What is the tens digit of g?
6
Suppose 0 = -5*k + z - 14 + 38, 0 = -2*k + 5*z + 28. Let d be k + -1 + 2 + -4. Suppose p = -d + 39. What is the units digit of p?
8
Suppose 22 = w + 4*l, -w - l + 17 = 2*l. Suppose -3*f - w*f = -295. What is the tens digit of f?
5
Suppose -5*c = 33*r - 29*r - 1675, 0 = 3*r - c - 1261. What is the units digit of r?
0
Let z = -1561 + 4177. What is the thousands digit of z?
2
Suppose 19 = -r + 20. What is the units digit of r?
1
Let y = -194 + 359. Let p = -55 + y. What is the hundreds digit of p?
1
Suppose -245 = -5*x - 5*i, 3*x - 149 = -3*i - i. Suppose -u - 328 = -4*n + x, 2*n - 187 = u. What is the units digit of n?
4
Suppose -5*h + 2320 = -5*z, -2*h - 5*z = h - 1368. What is the units digit of h?
1
Let o be (-2)/4 - (17910/12)/15. Let i = o + 109. What is the units digit of i?
9
Let q = -1 + -11. Let u = -12 + q. What is the te